= -s**2 + 11*s + 8. Let x(w) = -w**3 + 5*w**2 + 5*w + 11. Let t be x(6). Suppose t = 2*k - 13. List the prime factors of j(k).
2, 13
Suppose 7*s - 1100 = 412. List the prime factors of s.
2, 3
Let g = 680 - -432. What are the prime factors of g?
2, 139
What are the prime factors of 1077*(-3 + (6 - 24/9))?
359
Let k = -2085 - -2415. List the prime factors of k.
2, 3, 5, 11
Let w(t) = -t**2 + 9*t + 5. Let v(u) = u + 11. Let b be v(-6). Suppose 3*s - 42 = -5*j, -b*s - 4*j = -24 - 33. What are the prime factors of w(s)?
5
Suppose 0 = 5*y - 3*i - 13318, -5*y + 2*y + 7978 = -5*i. Suppose -736 = 10*g - y. List the prime factors of g.
193
Let f = 84 + -6. Let t be f/5 + 24/(-40). Let v = t - -35. List the prime factors of v.
2, 5
Suppose -3*d + 63 = 4*d. Let i = -3 + 9. What are the prime factors of (-392)/(-12) - i/d?
2
Suppose -j - 3*g - 611 = 0, -2*j + 4*j + 1212 = -g. What are the prime factors of 1/((-5)/j) - -2?
3, 41
Suppose b - 15 = -10. Let r(y) = 8*y - 5. What are the prime factors of r(b)?
5, 7
Suppose 3 = 2*j + 4*u - u, -3*u = 3. Suppose l + 2*s - s = 0, 0 = -j*l - 4*s - 5. Suppose l*t + 65 = -0*n + 3*n, 3*n - 62 = 2*t. List the prime factors of n.
2, 5
Suppose 0 = -50*o + 38*o + 36. Suppose 0 = -n + 3*b - 58 + 520, 0 = -4*n + 5*b + 1848. Suppose n = -o*j + 10*j. List the prime factors of j.
2, 3, 11
Suppose -4*g + 6 = -2. What are the prime factors of (0 - -4) + 43 + g?
7
Let a(o) = 31*o - 41. List the prime factors of a(14).
3, 131
Let j = 1778 + -438. What are the prime factors of j?
2, 5, 67
Suppose 0 = -6*d + 7*d. Let w be (d/(-4 - -2))/(-1). Suppose w = -2*h + 37 - 15. What are the prime factors of h?
11
Let l = -18 + 218. Let g = l + -127. What are the prime factors of g?
73
Let n(d) = -287*d - 55. List the prime factors of n(-6).
1667
Let g be (3 + -4)/((-2)/8). Let q(p) = -p**3 + 3*p**2 + 4*p. Let w be q(g). Suppose w*x + 6 = x. What are the prime factors of x?
2, 3
Suppose 0 = -253*a + 251*a + 1872. List the prime factors of a.
2, 3, 13
Suppose 2*l = -3*i + 1493, 4*l - 1477 - 1554 = 3*i. List the prime factors of l.
2, 13, 29
Let i = -7 - -10. Suppose -k = -2*l + 3*k + 4, i*l + k = 13. Suppose 2*g = l*g - 34. List the prime factors of g.
17
Let j(i) = -2*i**2 + 15*i - 3. Suppose -6*g - 13 = -55. Let t be j(g). What are the prime factors of -16*(0 + t)/(-8)?
2
Suppose l + 0*s - 17 = 3*s, -5*s = 0. Let z = -23 + l. List the prime factors of ((-22)/z)/((-1)/(-6)).
2, 11
What are the prime factors of 6/(-2) - ((4 - 37) + 9)?
3, 7
What are the prime factors of 16644/52 + 3/(-39)?
2, 5
Suppose 0*c - 76 = 2*c. Let b = 31 + c. List the prime factors of (1 + b)*20/(-30).
2
Let b be ((-10)/3)/(2/18). Let x = 13 - b. What are the prime factors of x?
43
Let n = 11 + -8. Suppose -n*w + 3 = -186. Let f = w - 30. List the prime factors of f.
3, 11
Suppose -60 = -4*s - s. Suppose a = -a + s. Suppose -215 = a*l - 11*l. What are the prime factors of l?
43
What are the prime factors of -192 - -197 - (-408)/2?
11, 19
What are the prime factors of (-98)/147*-473*3?
2, 11, 43
Let j(z) = z**2 - z + 1. Let o(q) = -q**2 + 6*q + 4. Let h(c) = -2*j(c) - o(c). Let m be h(6). Let b = -39 - m. What are the prime factors of b?
3
Let p(z) = -z**3 - 5*z**2 + 3*z - 8. Let i be p(-6). Let a(b) = 2*b**2 - b + 4. Let s be a(0). What are the prime factors of (15/i)/(2/s)?
3
Let u(a) = -a**3 + 7*a**2 - 4*a - 9. Let d be u(6). Suppose 3*j = 2*j + 4*f + 6, 4*j - d*f = 63. List the prime factors of j.
2, 3
Suppose 0 = -5*b - 5*c + 20460, 2360 = 5*b + 4*c - 18100. What are the prime factors of b?
2, 3, 11, 31
Suppose -8*q = -q. What are the prime factors of (q + 2)/((-20)/(-80))?
2
Let d be 1/(-5) + (-149)/5. Let i be ((-108)/d)/(9/60). List the prime factors of i*((-16)/(-6))/2.
2
Suppose 0 = 60*i - 53*i - 3318. What are the prime factors of i?
2, 3, 79
Suppose 0 = 12*k - 11139 - 6885. What are the prime factors of k?
2, 751
What are the prime factors of (-5 + 8)/(3/541)?
541
Suppose -2*o = 2*o - 20. Let f(l) be the second derivative of l**4/12 - l**3/3 + 3*l**2 + 26*l. List the prime factors of f(o).
3, 7
Suppose -49*a - 1823 = -f - 45*a, -5*a + 9065 = 5*f. What are the prime factors of f?
3, 5, 11
Suppose 8969*b + 9020 = 8973*b. What are the prime factors of b?
5, 11, 41
Let t(n) = -12*n**3 + 2*n**2 + 5*n + 1. Let u(b) = -b. Let v(f) = -t(f) - 5*u(f). List the prime factors of v(2).
3, 29
Let m = 8 - 4. Let q(j) = 16*j + 8. What are the prime factors of q(m)?
2, 3
Let x = 348 - 205. Let n = 253 - x. What are the prime factors of n?
2, 5, 11
Let k(g) = g**2 + 6*g + 7. Let z be k(-5). Let q = 11 - z. Let x = 4 + q. What are the prime factors of x?
13
Let n(z) = z**3 + 15*z**2 - z + 71. What are the prime factors of n(-15)?
2, 43
Suppose -41*s - 4891 = -34452. List the prime factors of s.
7, 103
Let s = 81 + -75. Let a = 41 - s. List the prime factors of a.
5, 7
Suppose -3 = d + 12. Let s = -7 - d. Suppose 0 = -s*c + 5*c + 105. What are the prime factors of c?
5, 7
Let t be -5 - -6 - (-1)/(-1). Let s be -5 - -6 - (-16 - t). Suppose -z + s = -0*z. What are the prime factors of z?
17
Suppose 3623 + 1438 = 7*u. List the prime factors of u.
3, 241
Let h = 215 + -147. Let t = 138 - h. List the prime factors of t.
2, 5, 7
Let n(f) = 24*f + 5. Let l(v) = 24*v + 5. Let i(h) = -6*l(h) + 5*n(h). What are the prime factors of i(-1)?
19
Suppose -7 = 2*r - 17. Let t be 0 + -7 - (r - 8). What are the prime factors of t/(-6) - (-100)/3?
2, 17
Suppose -2*a + 163 = 13. Suppose a = 2*d - 65. What are the prime factors of d?
2, 5, 7
Let y(p) = p. Let n(b) = 77*b + 6. Let c(g) = -n(g) + 3*y(g). List the prime factors of c(-2).
2, 71
What are the prime factors of (-38)/(-3)*(-54)/(-12)?
3, 19
Suppose 4*x = -1213 + 2905. List the prime factors of x.
3, 47
Suppose -5*f - 4*m = -10179, 12 = -4*m - 4. What are the prime factors of f?
2039
Suppose 1277 = 2*l - 449. What are the prime factors of l?
863
Let a(f) be the first derivative of 2*f**3/3 - 7*f**2 + 12*f - 3. What are the prime factors of a(9)?
2, 3
Let g(l) be the third derivative of -l**6/120 + 11*l**5/60 + l**4/24 - 3*l**3/2 - l**2. Let m be g(11). Let d = 21 - m. What are the prime factors of d?
19
Let c(s) = 39*s**2 - 16*s + 5. What are the prime factors of c(-7)?
2, 3, 13
Suppose 69*r - 76*r + 4746 = 0. List the prime factors of r.
2, 3, 113
Suppose 0 = -19*c + 18*c + 5. Let z be (32/(-1) + 3)*-5. Suppose -c*s + z + 125 = 0. List the prime factors of s.
2, 3
Let p be (-5)/30 + (-25)/(-6). Suppose -i + 6*i + p*t = 160, 5*i - 160 = -5*t. Suppose -46 - 33 = -5*h - 3*k, 0 = 2*h + k - i. List the prime factors of h.
17
List the prime factors of (10/12)/(25/750).
5
Let p be (-71 + -2)/(3 + 6/(-3)). Let m = p + 140. List the prime factors of m.
67
Let r = 3 + -11. Let l = r + 12. Let w = l + 3. List the prime factors of w.
7
What are the prime factors of (1852/(-6))/(11/(-132)*4)?
2, 463
Suppose 3*g = -19*g + 40678. What are the prime factors of g?
43
Let w = -1775 - -2600. List the prime factors of w.
3, 5, 11
Suppose -135 = -3*y - 27. Suppose 2*h + 43 = -h - 5*r, r = -5. What are the prime factors of 2/h + 1956/y?
2, 3
Let n = 141 - 21. List the prime factors of n.
2, 3, 5
Suppose r - 15 = -2*r. Let x(m) be the third derivative of -m**6/120 + 7*m**5/60 - m**4/4 + m**3/6 - 8*m**2. What are the prime factors of x(r)?
3, 7
Let f = -91 + 147. Let v = f + 53. What are the prime factors of v?
109
Let r = -70 - -71. Suppose 52 = l + 2*l + m, l + 4*m + r = 0. What are the prime factors of l?
19
Let d(j) = 20*j**2 + 4*j + 11. List the prime factors of d(4).
347
Suppose -3 - 10 = -n. What are the prime factors of 1*(0 + n)*1?
13
Let l = -850 + 2049. What are the prime factors of l?
11, 109
Suppose 0*t = -3*t. Suppose t*v = -4*v + 120. List the prime factors of 20/v*(-57)/(-2).
19
Let w = 577 - -912. List the prime factors of w.
1489
Let i = -93 - -96. Suppose -t = -0*t. Suppose t = 3*n + 4*k - 13 - 9, -5*k + 17 = i*n. What are the prime factors of n?
2, 7
Let n = -4845 + 8354. List the prime factors of n.
11, 29
Suppose 0 = -26*y + 22*y + 4*o + 636, 0 = -4*o - 4. What are the prime factors of y?
2, 79
Let x be (-10)/55 - (2/(-11) - 0). What are the prime factors of 1*(4 - (x - 43))?
47
What are the prime factors of (-450 - (-6)/(-3))*(-10)/4?
2